{"id":626,"date":"2026-03-20T18:19:46","date_gmt":"2026-03-20T18:19:46","guid":{"rendered":"https:\/\/uvhm.edu.mx\/inicio\/?page_id=626"},"modified":"2026-04-02T17:59:54","modified_gmt":"2026-04-02T17:59:54","slug":"plataforma","status":"publish","type":"page","link":"https:\/\/uvhm.edu.mx\/inicio\/?page_id=626","title":{"rendered":"Plataforma"},"content":{"rendered":"<p>[et_pb_section fb_built=&#8221;1&#8243; _builder_version=&#8221;4.27.5&#8243; _module_preset=&#8221;default&#8221; global_colors_info=&#8221;{}&#8221;][et_pb_row column_structure=&#8221;1_2,1_2&#8243; _builder_version=&#8221;4.27.5&#8243; _module_preset=&#8221;default&#8221; global_colors_info=&#8221;{}&#8221;][et_pb_column type=&#8221;1_2&#8243; _builder_version=&#8221;4.27.5&#8243; _module_preset=&#8221;default&#8221; global_colors_info=&#8221;{}&#8221;][et_pb_blurb title=&#8221;Plataforma Institucional&#8221; use_icon=&#8221;on&#8221; font_icon=&#8221;&#xe0e3;||divi||400&#8243; _builder_version=&#8221;4.27.5&#8243; _module_preset=&#8221;default&#8221; global_colors_info=&#8221;{}&#8221; inline_fonts=&#8221;Arial&#8221;]<\/p>\n<blockquote data-path-to-node=\"4\">\n<h1 data-path-to-node=\"4,0\"><span style=\"font-family: Arial; font-weight: normal; font-size: large;\">En la <b data-path-to-node=\"4,0\" data-index-in-node=\"7\">Universidad Virtual Hisp\u00e1nica de M\u00e9xico<\/b>, hemos consolidado a <b data-path-to-node=\"4,0\" data-index-in-node=\"68\">Moodle<\/b> como el coraz\u00f3n de nuestro ecosistema digital. Esta plataforma permite una interacci\u00f3n din\u00e1mica y constante entre estudiantes y tutores, rompiendo las barreras de la distancia a trav\u00e9s de un entorno intuitivo y de alto rendimiento. Con la integraci\u00f3n de <b data-path-to-node=\"4,0\" data-index-in-node=\"329\">tecnolog\u00eda H5P<\/b> y herramientas de <b data-path-to-node=\"4,0\" data-index-in-node=\"362\">Inteligencia Artificial<\/b>, garantizamos una experiencia de aprendizaje personalizada, donde el acompa\u00f1amiento docente se potencia con recursos de procesamiento veloz y contenidos multimedia interactivos.<\/span><\/h1>\n<\/blockquote>\n<h1 data-path-to-node=\"5\"><\/h1>\n<p>[\/et_pb_blurb][\/et_pb_column][et_pb_column type=&#8221;1_2&#8243; _builder_version=&#8221;4.27.5&#8243; _module_preset=&#8221;default&#8221; global_colors_info=&#8221;{}&#8221;][et_pb_button button_url=&#8221;https:\/\/uvhm.site\/moodle\/&#8221; url_new_window=&#8221;on&#8221; button_text=&#8221;Ir a plataforma&#8221; button_alignment=&#8221;center&#8221; _builder_version=&#8221;4.27.5&#8243; _module_preset=&#8221;default&#8221; hover_enabled=&#8221;0&#8243; global_colors_info=&#8221;{}&#8221; sticky_enabled=&#8221;0&#8243;][\/et_pb_button][\/et_pb_column][\/et_pb_row][\/et_pb_section]<\/p>\n","protected":false},"excerpt":{"rendered":"<p>En la Universidad Virtual Hisp\u00e1nica de M\u00e9xico, hemos consolidado a Moodle como el coraz\u00f3n de nuestro ecosistema digital. Esta plataforma permite una interacci\u00f3n din\u00e1mica y constante entre estudiantes y tutores, rompiendo las barreras de la distancia a trav\u00e9s de un entorno intuitivo y de alto rendimiento. Con la integraci\u00f3n de tecnolog\u00eda H5P y herramientas de [&hellip;]<\/p>\n","protected":false},"author":1,"featured_media":0,"parent":0,"menu_order":0,"comment_status":"closed","ping_status":"closed","template":"","meta":{"_et_pb_use_builder":"on","_et_pb_old_content":"","_et_gb_content_width":"","footnotes":""},"class_list":["post-626","page","type-page","status-publish","hentry"],"_links":{"self":[{"href":"https:\/\/uvhm.edu.mx\/inicio\/index.php?rest_route=\/wp\/v2\/pages\/626","targetHints":{"allow":["GET"]}}],"collection":[{"href":"https:\/\/uvhm.edu.mx\/inicio\/index.php?rest_route=\/wp\/v2\/pages"}],"about":[{"href":"https:\/\/uvhm.edu.mx\/inicio\/index.php?rest_route=\/wp\/v2\/types\/page"}],"author":[{"embeddable":true,"href":"https:\/\/uvhm.edu.mx\/inicio\/index.php?rest_route=\/wp\/v2\/users\/1"}],"replies":[{"embeddable":true,"href":"https:\/\/uvhm.edu.mx\/inicio\/index.php?rest_route=%2Fwp%2Fv2%2Fcomments&post=626"}],"version-history":[{"count":4,"href":"https:\/\/uvhm.edu.mx\/inicio\/index.php?rest_route=\/wp\/v2\/pages\/626\/revisions"}],"predecessor-version":[{"id":635,"href":"https:\/\/uvhm.edu.mx\/inicio\/index.php?rest_route=\/wp\/v2\/pages\/626\/revisions\/635"}],"wp:attachment":[{"href":"https:\/\/uvhm.edu.mx\/inicio\/index.php?rest_route=%2Fwp%2Fv2%2Fmedia&parent=626"}],"curies":[{"name":"wp","href":"https:\/\/api.w.org\/{rel}","templated":true}]}}